te the greatest common divisor of 111 and 12.
3
Calculate the highest common factor of 6 and 4374.
6
Calculate the greatest common factor of 264 and 682.
22
What is the greatest common divisor of 308 and 176?
44
Calculate the greatest common divisor of 2501 and 183.
61
Calculate the highest common factor of 51 and 3723.
51
Calculate the highest common factor of 31 and 3193.
31
What is the highest common divisor of 132 and 36?
12
What is the highest common factor of 800 and 25?
25
Calculate the highest common factor of 100 and 60.
20
Calculate the highest common factor of 45 and 3690.
45
Calculate the greatest common factor of 56 and 77.
7
What is the highest common divisor of 8 and 136?
8
What is the highest common divisor of 300 and 120?
60
Calculate the greatest common factor of 1349 and 284.
71
What is the greatest common factor of 1620 and 660?
60
Calculate the greatest common divisor of 9464 and 26.
26
Calculate the greatest common divisor of 540 and 972.
108
Calculate the highest common divisor of 6 and 114.
6
What is the greatest common factor of 125 and 80?
5
What is the greatest common divisor of 180 and 3040?
20
What is the greatest common divisor of 245 and 85?
5
Calculate the highest common factor of 56 and 2884.
28
What is the greatest common divisor of 177 and 123?
3
What is the greatest common divisor of 4 and 4418?
2
Calculate the greatest common factor of 48 and 84.
12
What is the highest common divisor of 2649 and 15?
3
What is the highest common factor of 6093 and 18?
9
Calculate the highest common factor of 27434 and 22.
22
Calculate the greatest common factor of 5 and 34670.
5
Calculate the highest common divisor of 20344 and 8.
8
What is the highest common divisor of 16 and 3908?
4
What is the highest common divisor of 1343 and 316?
79
What is the greatest common divisor of 7 and 392?
7
What is the highest common factor of 416 and 320?
32
What is the greatest common factor of 12 and 3?
3
Calculate the greatest common divisor of 22 and 2486.
22
What is the greatest common divisor of 90 and 7170?
30
Calculate the highest common divisor of 15 and 735.
15
Calculate the greatest common factor of 195 and 13494.
39
What is the greatest common divisor of 75 and 45?
15
Calculate the greatest common divisor of 363 and 5181.
33
Calculate the greatest common divisor of 24 and 156.
12
What is the greatest common divisor of 36 and 162?
18
Calculate the highest common divisor of 110 and 50.
10
Calculate the greatest common factor of 1539 and 3.
3
What is the greatest common factor of 1368 and 2088?
72
What is the highest common factor of 225 and 1710?
45
What is the highest common factor of 68 and 153?
17
Calculate the highest common divisor of 40 and 580.
20
What is the greatest common factor of 4307 and 177?
59
What is the highest common divisor of 5648 and 64?
16
Calculate the greatest common divisor of 897 and 52.
13
What is the greatest common divisor of 9 and 7731?
9
What is the greatest common factor of 28 and 2800?
28
What is the greatest common divisor of 437 and 253?
23
What is the highest common divisor of 16200 and 36?
36
What is the highest common divisor of 41244 and 24?
12
Calculate the highest common divisor of 12 and 15.
3
Calculate the greatest common divisor of 15 and 735.
15
What is the greatest common factor of 42 and 105?
21
What is the greatest common divisor of 324 and 42?
6
What is the highest common factor of 15 and 445?
5
What is the highest common factor of 414 and 36?
18
What is the highest common factor of 425 and 1190?
85
What is the highest common divisor of 5748 and 108?
12
What is the greatest common divisor of 900 and 6?
6
What is the greatest common divisor of 248 and 60?
4
Calculate the greatest common divisor of 225 and 4095.
45
What is the greatest common factor of 108 and 13257?
27
What is the greatest common divisor of 736 and 46?
46
Calculate the highest common factor of 17324 and 852.
284
What is the highest common factor of 243 and 3?
3
What is the greatest common divisor of 2889 and 54?
27
What is the highest common divisor of 60 and 7836?
12
Calculate the highest common factor of 153 and 34.
17
What is the highest common factor of 69 and 23?
23
Calculate the highest common divisor of 60 and 2260.
20
Calculate the greatest common factor of 4208 and 80.
16
Calculate the highest common factor of 34114 and 74.
74
What is the highest common divisor of 366 and 793?
61
Calculate the greatest common divisor of 130 and 26.
26
Calculate the greatest common divisor of 8487 and 82.
41
Calculate the greatest common factor of 645 and 20.
5
What is the highest common factor of 596 and 8?
4
What is the highest common factor of 884 and 156?
52
Calculate the highest common factor of 837 and 27.
27
What is the greatest common divisor of 33864 and 136?
136
What is the greatest common divisor of 17 and 8483?
17
Calculate the highest common factor of 8 and 364.
4
Calculate the greatest common factor of 11620 and 980.
140
What is the greatest common factor of 1600 and 32?
32
What is the greatest common divisor of 226 and 1921?
113
What is the greatest common divisor of 475 and 4845?
95
Calculate the greatest common divisor of 2015 and 62.
31
Calculate the greatest common divisor of 28 and 868.
28
Calculate the highest common divisor of 6 and 20694.
6
Calculate the greatest common divisor of 72 and 5004.
36
Calculate the highest common factor of 84 and 483.
21
Calculate the greatest common divisor of 87 and 6351.
87
What is the highest common factor of 52 and 5083?
13
Calculate the highest common divisor of 18 and 18162.
18
What is the greatest common divisor of 110 and 31295?
55
Calculate the greatest common factor of 27 and 2241.
27
Calculate the greatest common factor of 188 and 36.
4
Calculate the highest common factor of 1 and 365.
1
What is the highest common divisor of 59 and 1121?
59
What is the greatest common divisor of 54 and 138?
6
Calculate the greatest common divisor of 5402 and 146.
146
Calculate the highest common divisor of 243 and 55404.
243
Calculate the greatest common divisor of 75 and 200.
25
What is the greatest common factor of 1131 and 261?
87
Calculate the highest common factor of 3640 and 35.
35
Calculate the greatest common factor of 80 and 500.
20
Calculate the highest common factor of 192 and 1092.
12
Calculate the greatest common factor of 258 and 10492.
86
What is the greatest common divisor of 1060 and 8?
4
What is the greatest common divisor of 234 and 156?
78
What is the highest common divisor of 104 and 364?
52
What is the highest common divisor of 48211 and 37?
37
What is the greatest common factor of 48 and 1808?
16
What is the highest common divisor of 8 and 1412?
4
What is the highest common divisor of 816 and 1768?
136
What is the highest common divisor of 11704 and 76?
76
What is the greatest common divisor of 16 and 10464?
16
Calculate the greatest common divisor of 836 and 1444.
76
What is the highest common factor of 55 and 43285?
55
Calculate the greatest common factor of 3961 and 17.
17
What is the greatest common divisor of 91 and 2782?
13
What is the highest common divisor of 209 and 19?
19
What is the greatest common factor of 559 and 26?
13
What is the greatest common factor of 3990 and 1615?
95
Calculate the greatest common divisor of 9 and 1683.
9
Calculate the greatest common factor of 5 and 85.
5
Calculate the highest common divisor of 44 and 4268.
44
What is the greatest common divisor of 187 and 154?
11
Calculate the greatest common divisor of 1552 and 16.
16
Calculate the highest common factor of 72 and 1116.
36
Calculate the greatest common divisor of 847 and 1463.
77
What is the highest common factor of 7276 and 107?
107
Calculate the greatest common factor of 525 and 42.
21
Calculate the highest common factor of 4188 and 60.
12
Calculate the highest common divisor of 375 and 75.
75
Calculate the highest common factor of 215 and 5.
5
Calculate the greatest common divisor of 1222 and 376.
94
Calculate the greatest common factor of 99 and 14421.
33
Calculate the greatest common divisor of 42 and 5229.
21
What is the highest common divisor of 900 and 684?
36
What is the highest common divisor of 109 and 109?
109
What is the greatest common factor of 858 